{"id":57,"date":"2024-04-01T15:21:06","date_gmt":"2024-04-01T15:21:06","guid":{"rendered":"http:\/\/www.dishekimiburcinguler.com.tr\/?page_id=57"},"modified":"2025-01-17T06:51:43","modified_gmt":"2025-01-17T06:51:43","slug":"resim-galerisi","status":"publish","type":"page","link":"http:\/\/www.dishekimiburcinguler.com.tr\/?page_id=57","title":{"rendered":"RES\u0130M GALER\u0130S\u0130"},"content":{"rendered":"\n<p>Karasu Di\u015f Hekimi Bur\u00e7in G\u00fcler<\/p>\n\n\n\n<figure class=\"wp-block-image size-full\"><img loading=\"lazy\" decoding=\"async\" width=\"225\" height=\"225\" src=\"http:\/\/www.dishekimiburcinguler.com.tr\/wp-content\/uploads\/2024\/04\/dishekimi.jpg\" alt=\"\" class=\"wp-image-78\" srcset=\"http:\/\/www.dishekimiburcinguler.com.tr\/wp-content\/uploads\/2024\/04\/dishekimi.jpg 225w, http:\/\/www.dishekimiburcinguler.com.tr\/wp-content\/uploads\/2024\/04\/dishekimi-150x150.jpg 150w, http:\/\/www.dishekimiburcinguler.com.tr\/wp-content\/uploads\/2024\/04\/dishekimi-90x90.jpg 90w\" sizes=\"auto, (max-width: 225px) 100vw, 225px\" \/><\/figure>\n\n\n\n<figure class=\"wp-block-image size-full is-resized\"><img loading=\"lazy\" decoding=\"async\" width=\"225\" height=\"225\" src=\"http:\/\/www.dishekimiburcinguler.com.tr\/wp-content\/uploads\/2024\/04\/image.png\" alt=\"\" class=\"wp-image-80\" style=\"width:223px;height:auto\" srcset=\"http:\/\/www.dishekimiburcinguler.com.tr\/wp-content\/uploads\/2024\/04\/image.png 225w, http:\/\/www.dishekimiburcinguler.com.tr\/wp-content\/uploads\/2024\/04\/image-150x150.png 150w, http:\/\/www.dishekimiburcinguler.com.tr\/wp-content\/uploads\/2024\/04\/image-90x90.png 90w\" sizes=\"auto, (max-width: 225px) 100vw, 225px\" \/><\/figure>\n\n\n\n<figure class=\"wp-block-image size-full is-resized\"><img loading=\"lazy\" decoding=\"async\" width=\"201\" height=\"251\" src=\"http:\/\/www.dishekimiburcinguler.com.tr\/wp-content\/uploads\/2024\/04\/dis4.jpg\" alt=\"\" class=\"wp-image-82\" style=\"width:224px;height:auto\"\/><\/figure>\n\n\n\n<figure class=\"wp-block-image size-full is-resized\"><img loading=\"lazy\" decoding=\"async\" width=\"768\" height=\"960\" src=\"http:\/\/www.dishekimiburcinguler.com.tr\/wp-content\/uploads\/2024\/04\/image-1.png\" alt=\"\" class=\"wp-image-86\" style=\"width:224px;height:auto\" srcset=\"http:\/\/www.dishekimiburcinguler.com.tr\/wp-content\/uploads\/2024\/04\/image-1.png 768w, http:\/\/www.dishekimiburcinguler.com.tr\/wp-content\/uploads\/2024\/04\/image-1-240x300.png 240w\" sizes=\"auto, (max-width: 768px) 100vw, 768px\" \/><\/figure>\n","protected":false},"excerpt":{"rendered":"<p>Karasu Di\u015f Hekimi Bur\u00e7in G\u00fcler<\/p>\n","protected":false},"author":1,"featured_media":0,"parent":0,"menu_order":0,"comment_status":"closed","ping_status":"closed","template":"","meta":{"footnotes":""},"class_list":["post-57","page","type-page","status-publish","hentry"],"_links":{"self":[{"href":"http:\/\/www.dishekimiburcinguler.com.tr\/index.php?rest_route=\/wp\/v2\/pages\/57","targetHints":{"allow":["GET"]}}],"collection":[{"href":"http:\/\/www.dishekimiburcinguler.com.tr\/index.php?rest_route=\/wp\/v2\/pages"}],"about":[{"href":"http:\/\/www.dishekimiburcinguler.com.tr\/index.php?rest_route=\/wp\/v2\/types\/page"}],"author":[{"embeddable":true,"href":"http:\/\/www.dishekimiburcinguler.com.tr\/index.php?rest_route=\/wp\/v2\/users\/1"}],"replies":[{"embeddable":true,"href":"http:\/\/www.dishekimiburcinguler.com.tr\/index.php?rest_route=%2Fwp%2Fv2%2Fcomments&post=57"}],"version-history":[{"count":5,"href":"http:\/\/www.dishekimiburcinguler.com.tr\/index.php?rest_route=\/wp\/v2\/pages\/57\/revisions"}],"predecessor-version":[{"id":154,"href":"http:\/\/www.dishekimiburcinguler.com.tr\/index.php?rest_route=\/wp\/v2\/pages\/57\/revisions\/154"}],"wp:attachment":[{"href":"http:\/\/www.dishekimiburcinguler.com.tr\/index.php?rest_route=%2Fwp%2Fv2%2Fmedia&parent=57"}],"curies":[{"name":"wp","href":"https:\/\/api.w.org\/{rel}","templated":true}]}}