{"id":55,"date":"2024-04-01T15:20:14","date_gmt":"2024-04-01T15:20:14","guid":{"rendered":"http:\/\/www.dishekimiburcinguler.com.tr\/?page_id=55"},"modified":"2025-01-17T06:50:11","modified_gmt":"2025-01-17T06:50:11","slug":"hakkimda","status":"publish","type":"page","link":"http:\/\/www.dishekimiburcinguler.com.tr\/?page_id=55","title":{"rendered":"HAKKIMDA"},"content":{"rendered":"\n<p><strong>Karasuda Di\u015f Hekimi Bur\u00e7in G\u00fcler klini\u011fi olarak, <\/strong>Pandemi s\u00fcrecinde de evinden \u00e7\u0131kamayan hastalar\u0131m\u0131z bizim can\u0131m\u0131zd\u0131r diyerek, hizmetimizi aksatmadan g\u00f6revimize devam etmi\u015fizdir.<\/p>\n\n\n\n<p>Siz neredeyseniz biz hep orday\u0131z.&nbsp;<img loading=\"lazy\" decoding=\"async\" height=\"16\" width=\"16\" src=\"https:\/\/static.xx.fbcdn.net\/images\/emoji.php\/v9\/t82\/1.5\/16\/263a.png\" alt=\"\u263a\ufe0f\"><\/p>\n","protected":false},"excerpt":{"rendered":"<p>Karasuda Di\u015f Hekimi Bur\u00e7in G\u00fcler klini\u011fi olarak, Pandemi s\u00fcrecinde de evinden \u00e7\u0131kamayan hastalar\u0131m\u0131z bizim can\u0131m\u0131zd\u0131r diyerek, hizmetimizi aksatmadan g\u00f6revimize devam<span class=\"exprt-dot\"><\/span><\/p>\n","protected":false},"author":1,"featured_media":0,"parent":0,"menu_order":0,"comment_status":"closed","ping_status":"closed","template":"","meta":{"footnotes":""},"class_list":["post-55","page","type-page","status-publish","hentry"],"_links":{"self":[{"href":"http:\/\/www.dishekimiburcinguler.com.tr\/index.php?rest_route=\/wp\/v2\/pages\/55","targetHints":{"allow":["GET"]}}],"collection":[{"href":"http:\/\/www.dishekimiburcinguler.com.tr\/index.php?rest_route=\/wp\/v2\/pages"}],"about":[{"href":"http:\/\/www.dishekimiburcinguler.com.tr\/index.php?rest_route=\/wp\/v2\/types\/page"}],"author":[{"embeddable":true,"href":"http:\/\/www.dishekimiburcinguler.com.tr\/index.php?rest_route=\/wp\/v2\/users\/1"}],"replies":[{"embeddable":true,"href":"http:\/\/www.dishekimiburcinguler.com.tr\/index.php?rest_route=%2Fwp%2Fv2%2Fcomments&post=55"}],"version-history":[{"count":4,"href":"http:\/\/www.dishekimiburcinguler.com.tr\/index.php?rest_route=\/wp\/v2\/pages\/55\/revisions"}],"predecessor-version":[{"id":151,"href":"http:\/\/www.dishekimiburcinguler.com.tr\/index.php?rest_route=\/wp\/v2\/pages\/55\/revisions\/151"}],"wp:attachment":[{"href":"http:\/\/www.dishekimiburcinguler.com.tr\/index.php?rest_route=%2Fwp%2Fv2%2Fmedia&parent=55"}],"curies":[{"name":"wp","href":"https:\/\/api.w.org\/{rel}","templated":true}]}}